+ 82, o*t - 5 = 8*t. What is the greatest common factor of 319 and b?
29
Let d(w) = 89*w**3 - 3*w + 4. Let v be d(1). Let i = 13 - 8. Suppose 123 = i*a - 27. Calculate the greatest common factor of v and a.
30
Suppose -3*g = -l - 19 + 8, 5*l + 2*g - 30 = 0. Suppose -l*u + p = -8*u + 39, 15 = u + 2*p. What is the highest common factor of u and 9?
9
Suppose 0 = -p + 8 + 5. Suppose 5*c = -1400 - 1770. Let t = c + 699. Calculate the highest common divisor of p and t.
13
Let b(h) = 944*h**2 - 616*h + 13. Let q be b(6). What is the highest common factor of 193 and q?
193
Let i(d) = d**3 + 40*d**2 + 144*d + 4511. Let c be i(-38). What is the greatest common factor of c and 82?
41
Let i = 31222 - 20183. Calculate the greatest common divisor of 14 and i.
7
Let j(v) = -6*v - 6. Let t be j(-3). Let h be 38 - -3 - (-3 + (3 - 2)). Suppose -h = 5*u - 103. What is the greatest common factor of u and t?
12
Suppose 10*l = -3*l + 260. Let j(i) = 2*i + 34. Let t be j(-11). What is the greatest common divisor of t and l?
4
Suppose -g + 4*f = -48, 2*g - 482 + 422 = -4*f. Let b = -14 + 38. Calculate the highest common factor of g and b.
12
Suppose 18*a = 20*a. Suppose a = -3*u + 3*x + 66, 0*u = 5*u + 5*x - 70. Suppose -4*z = -2*z - 24. What is the highest common factor of u and z?
6
Let f(s) = 7*s + 19. Let g be f(11). Suppose 13*w - 5*w - g = 0. What is the highest common divisor of w and 3?
3
Let i be ((-3)/12*-4)/((208/4823)/16). What is the highest common factor of 14 and i?
7
Let h = -2827 - -3988. Calculate the highest common divisor of 351 and h.
27
Let t(w) = -6*w + 105. Let h be t(17). Let z(f) = 40*f + 8. Let v be z(h). What is the greatest common divisor of 16 and v?
16
Suppose t = 4*m + 46, 2*t + 11*m - 40 = 6*m. Suppose 54780 = -5*l + 171*l. What is the highest common divisor of t and l?
30
Suppose -170*t + 853020 = -135*t. Calculate the greatest common factor of t and 9.
9
Suppose -1 - 2 = a. Let x be (1/(-2))/(a/18). Let f be 387/(-516)*-5*5/(75/228). Calculate the highest common factor of f and x.
3
Suppose 0 = 31*f - 32*f - 4*q + 46, -62 = -f + 4*q. What is the highest common divisor of f and 1818?
18
Suppose 4*n - 150 = -38. Suppose n - 26 = k. Let r be (k/(-4) + 1)*52. What is the highest common divisor of r and 13?
13
Suppose 0 = 2*a + 5*q - 104, -7*q + 8 = -5*q. Suppose 0*c = -2*c + 2*v + a, -5*c = -3*v - 115. What is the greatest common factor of c and 364?
26
Let s(r) = r**2 - 72*r + 944. Let w be s(17). What is the greatest common divisor of 597 and w?
3
Let j(f) = -113*f**3 + f. Let n be j(-1). Let x(z) = -2 + 20*z - 7*z + 14 - 8*z. Let m be x(-1). What is the highest common divisor of m and n?
7
Let q(j) = j**3 - 8*j**2 - 11*j + 10. Let s = -47 + 59. Let a = s + -2. Let g be q(a). What is the greatest common divisor of 20 and g?
20
Let w be 359 + 15 + -13 - 17. What is the highest common factor of 215 and w?
43
Let o be (110295/(-38))/(((-8)/(-12))/((-12)/9)). Calculate the greatest common factor of 27 and o.
27
Let r(u) be the first derivative of 2*u**3 - 5*u**2/2 - 24*u + 22. Let n be r(-8). Calculate the greatest common divisor of n and 25.
25
Suppose -55 = -2*v - x - 53, 20 = 4*v - 2*x. Calculate the greatest common factor of v and 87.
3
Let t(d) = d**3 - 25*d - 26. Let x be t(-4). What is the highest common divisor of x and 5710?
10
Let w(s) = -s**2 - 59*s - 243. Let t be w(-41). Suppose -3*v - 186 = -4*o, o - v = 5*o - 178. Calculate the highest common divisor of t and o.
45
Let y(n) = n**3 - 4*n**2 - 8*n + 4. Let p be y(6). Let q be (-30)/(-5 - (-132)/p). What is the greatest common divisor of 63 and q?
21
Let k = -9184 + 9193. What is the highest common divisor of k and 132?
3
Let n(u) = 10*u + 3. Let p be n(0). Suppose p = -x + 18. What is the greatest common divisor of 30 and x?
15
Suppose 41*z - 36*z - 4*u - 1804 = 0, -1812 = -5*z + 2*u. Calculate the greatest common factor of 1729 and z.
91
Suppose 5*z - 2*z = 12. Let m(n) = -5 - 2*n - z*n - 4 + 1. Let c be m(-4). What is the highest common divisor of c and 128?
16
Let s be 0/1 - (3/1 + -11). Let c(p) = p**2 - 2*p - 21. Let x be c(s). Calculate the highest common factor of x and 189.
27
Suppose 0 = -37*o + 431224 + 506060. Calculate the greatest common factor of o and 12.
12
Let u = 1174 + -1136. Calculate the highest common factor of 1178 and u.
38
Suppose -106 + 298 = 3*n. Let u = 76 - n. Let a be (-5)/((-1)/18*3). What is the greatest common divisor of a and u?
6
Suppose -o + 108 = b + 4*o - o, -2*o = 0. Calculate the highest common divisor of 5724 and b.
108
Suppose -5*x - 457*p = -461*p - 202, -130 = -3*x - 2*p. Calculate the greatest common factor of 7658 and x.
14
Suppose 126998 - 18512 = 54*y. Calculate the highest common divisor of y and 14.
7
Suppose 14 = -5*p - 4*q - 26, -q = 2*p + 19. Let a be (-2679)/p + 2 + 2/(-8). What is the greatest common factor of 36 and a?
9
Let u be 17531 + -1 - ((-35)/(-15) + (-14)/42). Calculate the highest common divisor of 14 and u.
14
Suppose 0 = -240*v + 226*v + 9884. Let h = 895 - v. Calculate the highest common factor of 216 and h.
27
Suppose 0 = 11*a - 16*a + 25. Let p(j) = j**3 - j**2 + 2*j - 10. Let g be p(a). Suppose -25*w + g = -20*w. What is the highest common factor of 5 and w?
5
Suppose 0 = 5*x - n - 693, -22*n + 7 = -21*n. What is the greatest common factor of 6426 and x?
14
Suppose 2*y - 1254 = -4*d, -2*d - 3*y + 183 = -438. Let j = -11 + 46. What is the greatest common divisor of j and d?
35
Let l = 294 + 20. Let k be (-175)/140 - ((-438)/(-8) - 0). Let q be l/6 + k/42. What is the highest common factor of 85 and q?
17
Let d = -1 + 8. Suppose 32 = 5*z + 3*q, 4*z - d - 17 = -4*q. Suppose -2*g = i - 40, -33*g = -5*i - 36*g + 256. Calculate the greatest common divisor of z and i.
7
Let i = 8 + 47. Let b = -28 + i. Let x(r) = 2*r + 19. Let j be x(-8). What is the highest common factor of b and j?
3
Let r = 15049 + -14973. Let l(y) = -y**2 - y + 266. Let f be l(0). Calculate the highest common factor of f and r.
38
Suppose 3*w - 4*q = 15, 0 = w + q + 133 - 145. Calculate the greatest common factor of w and 13.
1
Let c = -385 - -490. Let a = -66 - -101. Calculate the highest common divisor of a and c.
35
Let o(w) = 9*w**2 - 22*w - 49. Let z be o(11). Suppose -173*p = -154*p - z. Suppose -a - 2*a + 84 = 0. Calculate the highest common factor of p and a.
14
Let t = -2813 + 3517. What is the greatest common factor of t and 256?
64
Suppose -31*a - 852 = -127*a - 276. Let u be 498/(-4)*(-4)/1. What is the greatest common divisor of a and u?
6
Let z be ((-7)/14 + 0)*-4. Suppose -11*a - 104 = -16*a + z*r, 0 = -4*a - 2*r + 94. Calculate the greatest common divisor of a and 16.
2
Let j be ((-26)/(-4))/((-66)/24 + 3). Let q be 143895/583 + (-4)/(-22). Calculate the greatest common factor of q and j.
13
Let t(x) = 234*x + 2530. Let d be t(51). Calculate the highest common divisor of d and 64.
64
Suppose 16*t + 42864 = 110*t. Calculate the highest common divisor of 108 and t.
12
Let z be 6 + (5 + 2 - -44) + 8. Calculate the greatest common divisor of z and 35.
5
Let o be -4 + 3 + 326/2. Suppose -o = -n - 2*n - 3*c, 3*c - 212 = -4*n. Let b = 58 - n. Calculate the greatest common divisor of b and 4.
4
Let q = 195 + -190. Suppose 0 = p - 0*p + 4*t - 39, 0 = 5*p - q*t - 295. What is the highest common factor of p and 25?
5
Let h be (8/(-20))/(6/390). Let r be -7*2/(-91) + (-4546)/h. Calculate the greatest common factor of r and 35.
35
Suppose 6648 = -3*h + 6720. Let a be -2 - (0 + -3 + 1). Suppose 3*x - 9 + 0 = a. Calculate the highest common divisor of x and h.
3
Suppose -3*d + 16 = b, d - 22*b = -17*b - 16. Let j be ((-6)/d)/(87/(-2204)). Calculate the greatest common divisor of j and 152.
38
Suppose 17*k - 11*k + 234 = 3*h, -3*h = 3*k - 234. What is the greatest common factor of h and 1222?
26
Suppose -1800 = -5*d + w, -216*w = -3*d - 218*w + 1080. Calculate the greatest common divisor of 138 and d.
6
Let b(d) = -263*d + 247. Let f be b(0). What is the greatest common factor of f and 299?
13
Suppose -56 = -i + 3*h, -12*h = -5*i - 11*h + 224. What is the greatest common divisor of 473 and i?
11
Suppose 3*w = -o + 39, -6*o - 5*w + 76 = -4*o. Calculate the greatest common factor of o and 2673.
33
Suppose -5*w = 2*y - 6, 7 = -4*y - 1. Let 